
What is the remainder when 623 is divided by 133?
91
Calculate the remainder when 530 is divided by 133.
131
Calculate the remainder when 1136 is divided by 51.
14
Calculate the remainder when 1002 is divided by 18.
12
Calculate the remainder when 3740 is divided by 59.
23
What is the remainder when 484 is divided by 81?
79
Calculate the remainder when 417 is divided by 21.
18
What is the remainder when 2775 is divided by 214?
207
Calculate the remainder when 236 is divided by 45.
11
Calculate the remainder when 481 is divided by 81.
76
What is the remainder when 11 is divided by 7?
4
Calculate the remainder when 185 is divided by 90.
5
What is the remainder when 216 is divided by 66?
18
Calculate the remainder when 918 is divided by 234.
216
Calculate the remainder when 342 is divided by 42.
6
Calculate the remainder when 111 is divided by 61.
50
What is the remainder when 1651 is divided by 83?
74
Calculate the remainder when 2712 is divided by 450.
12
Calculate the remainder when 235 is divided by 20.
15
What is the remainder when 1529 is divided by 1?
0
What is the remainder when 1240 is divided by 17?
16
Calculate the remainder when 3698 is divided by 137.
136
What is the remainder when 466 is divided by 128?
82
What is the remainder when 176 is divided by 121?
55
What is the remainder when 389 is divided by 62?
17
Calculate the remainder when 3722 is divided by 46.
42
Calculate the remainder when 94 is divided by 19.
18
What is the remainder when 368 is divided by 46?
0
What is the remainder when 112 is divided by 6?
4
What is the remainder when 220 is divided by 68?
16
What is the remainder when 1194 is divided by 91?
11
What is the remainder when 525 is divided by 11?
8
Calculate the remainder when 74 is divided by 12.
2
Calculate the remainder when 39 is divided by 23.
16
What is the remainder when 341 is divided by 110?
11
What is the remainder when 3402 is divided by 39?
9
Calculate the remainder when 2879 is divided by 22.
19
What is the remainder when 542 is divided by 184?
174
What is the remainder when 75 is divided by 10?
5
What is the remainder when 7 is divided by 1?
0
Calculate the remainder when 2489 is divided by 15.
14
What is the remainder when 158 is divided by 127?
31
Calculate the remainder when 43 is divided by 4.
3
What is the remainder when 19 is divided by 7?
5
Calculate the remainder when 22 is divided by 10.
2
Calculate the remainder when 700 is divided by 72.
52
Calculate the remainder when 320 is divided by 21.
5
Calculate the remainder when 374 is divided by 54.
50
Calculate the remainder when 29 is divided by 16.
13
What is the remainder when 186 is divided by 45?
6
What is the remainder when 3995 is divided by 74?
73
What is the remainder when 1764 is divided by 31?
28
What is the remainder when 76 is divided by 39?
37
What is the remainder when 561 is divided by 44?
33
Calculate the remainder when 105 is divided by 31.
12
Calculate the remainder when 13243 is divided by 22.
21
Calculate the remainder when 534 is divided by 49.
44
What is the remainder when 23291 is divided by 19?
16
What is the remainder when 1153 is divided by 45?
28
Calculate the remainder when 461 is divided by 73.
23
What is the remainder when 50 is divided by 46?
4
Calculate the remainder when 897 is divided by 25.
22
What is the remainder when 72 is divided by 40?
32
What is the remainder when 3057 is divided by 60?
57
What is the remainder when 17454 is divided by 203?
199
Calculate the remainder when 582 is divided by 99.
87
Calculate the remainder when 294 is divided by 98.
0
Calculate the remainder when 3484 is divided by 83.
81
What is the remainder when 190 is divided by 16?
14
What is the remainder when 555 is divided by 84?
51
Calculate the remainder when 922 is divided by 44.
42
Calculate the remainder when 87 is divided by 13.
9
What is the remainder when 16963 is divided by 239?
233
Calculate the remainder when 62 is divided by 17.
11
What is the remainder when 56 is divided by 8?
0
Calculate the remainder when 76 is divided by 23.
7
What is the remainder when 326 is divided by 252?
74
What is the remainder when 483 is divided by 12?
3
Calculate the remainder when 379 is divided by 96.
91
What is the remainder when 1151 is divided by 287?
3
Calculate the remainder when 669 is divided by 221.
6
Calculate the remainder when 525 is divided by 17.
15
Calculate the remainder when 891 is divided by 31.
23
Calculate the remainder when 764 is divided by 150.
14
Calculate the remainder when 51 is divided by 34.
17
Calculate the remainder when 172 is divided by 63.
46
Calculate the remainder when 105 is divided by 41.
23
What is the remainder when 2125 is divided by 2116?
9
Calculate the remainder when 111 is divided by 28.
27
Calculate the remainder when 386 is divided by 176.
34
What is the remainder when 909 is divided by 38?
35
What is the remainder when 491 is divided by 37?
10
Calculate the remainder when 5276 is divided by 7.
5
Calculate the remainder when 365 is divided by 357.
8
What is the remainder when 328 is divided by 19?
5
What is the remainder when 5370 is divided by 112?
106
What is the remainder when 91 is divided by 60?
31
Calculate the remainder when 969 is divided by 166.
139
What is the remainder when 4355 is divided by 9?
8
What is the remainder when 6538 is divided by 31?
28
What is the remainder when 290 is divided by 20?
10
What is the remainder when 2349 is divided by 333?
18
Calculate the remainder when 156 is divided by 6.
0
What is the remainder when 186 is divided by 39?
30
What is the remainder when 72 is divided by 5?
2
Calculate the remainder when 202 is divided by 12.
10
Calculate the remainder when 190 is divided by 32.
30
What is the remainder when 22 is divided by 21?
1
Calculate the remainder when 308 is divided by 79.
71
Calculate the remainder when 154 is divided by 22.
0
What is the remainder when 234 is divided by 15?
9
Calculate the remainder when 7891 is divided by 875.
16
What is the remainder when 930 is divided by 464?
2
Calculate the remainder when 4166 is divided by 72.
62
Calculate the remainder when 174 is divided by 33.
9
What is the remainder when 194 is divided by 67?
60
What is the remainder when 9122 is divided by 25?
22
What is the remainder when 188 is divided by 148?
40
Calculate the remainder when 482 is divided by 78.
14
What is the remainder when 122 is divided by 120?
2
Calculate the remainder when 12 is divided by 5.
2
What is the remainder when 1294 is divided by 16?
14
What is the remainder when 298 is divided by 7?
4
What is the remainder when 8549 is divided by 19?
18
Calculate the remainder when 228 is divided by 36.
12
What is the remainder when 1124 is divided by 103?
94
What is the remainder when 1481 is divided by 146?
21
Calculate the remainder when 4248 is divided by 185.
178
What is the remainder when 28 is divided by 13?
2
What is the remainder when 75 is divided by 7?
5
Calculate the remainder when 3330 is divided by 14.
12
Calculate the remainder when 994 is divided by 245.
14
What is the remainder when 124 is divided by 14?
12
What is the remainder when 221 is divided by 9?
5
Calculate the remainder when 788 is divided by 79.
77
Calculate the remainder when 2784 is divided by 90.
84
Calculate the remainder when 501 is divided by 186.
129
Calculate the remainder when 1091 is divided by 84.
83
Calculate the remainder when 8059 is divided by 28.
23
Calculate the remainder when 9478 is divided by 12.
10
Calculate the remainder when 374 is divided by 67.
39
Calculate the remainder when 92 is divided by 20.
12
Calculate the remainder when 1267 is divided by 12.
7
What is the remainder when 346 is divided by 53?
28
Calculate the remainder when 269 is divided by 54.
53
What is the remainder when 22811 is divided by 17?
14
What is the remainder when 136 is divided by 35?
31
Calculate the remainder when 74 is divided by 16.
10
What is the remainder when 683 is divided by 18?
17
Calculate the remainder when 290 is divided by 50.
40
Calculate the remainder when 1371 is divided by 125.
121
Calculate the remainder when 365 is divided by 22.
13
Calculate the remainder when 166 is divided by 64.
38
Calculate the remainder when 198 is divided by 51.
45
Calculate t